t u = -14 + a. What are the prime factors of u?
2, 3
Let u = -12 + 18. Suppose 0*t - 5*h = 2*t - u, 3*h = 0. List the prime factors of t.
3
Let t = 33 + -20. Suppose 2*v - v = -2*h + t, -3*v = 3. Suppose i - 3*z - h = -4*z, 0 = i - 2*z + 2. List the prime factors of i.
2
Let x be 3 + (-1 - 2) - -62. Suppose -l - z + 13 = z, -3*z = 4*l - x. Suppose 0 = -2*j + 3*w + 16 + 11, -j + l = -5*w. List the prime factors of j.
2, 3
Let z(j) = -j**2 - 7*j - 4. Let t be z(-5). Let o(w) = -w**3 + 5*w**2 + 8*w - 5. Let p be o(t). Let x(b) = -b**2 + 8*b. What are the prime factors of x(p)?
7
Let r(d) = -d**3 + 10*d**2 - 10*d + 9. Let g be r(9). Let p(y) = y**2 + 5. What are the prime factors of p(g)?
5
Let s = 19 + -11. Let a(b) = -b + 2 + 4*b - 5 + s. What are the prime factors of a(4)?
17
Suppose -s = -t - 3*s - 5, -2*t + 5*s + 26 = 0. Suppose -l - 12 = -d, -2*l - 66 = -t*d - 5*l. List the prime factors of d.
17
Suppose -5*x + 1 = -y, -5*x + 5*y - 1 = -6. Suppose -b + x*b = -13. What are the prime factors of b?
13
Let l = -1 - -5. Let r = 25 - 25. Suppose -l*c + 20 + r = 0. List the prime factors of c.
5
Let t be (-42)/(-24)*4*1. Let n(o) = o + 10. What are the prime factors of n(t)?
17
Suppose 3*i + 7 = 5*n - 19, 0 = n - 4*i - 12. Let l be n + 1 + (1 - 1). Suppose -16 - 29 = -l*k. List the prime factors of k.
3
Suppose -98 = -5*z + 2*l + 37, 4*z - 115 = 3*l. List the prime factors of z.
5
Suppose -5*c + 5*n + 184 = n, -2*n - 32 = -c. What are the prime factors of c?
2, 5
Let d(o) = o**2 - 7*o - 8. Let n be d(8). Suppose n*m - 3*m + 5*t = -54, 3*m + 3*t - 78 = 0. What are the prime factors of m?
23
Suppose 0*b + b - 15 = -3*x, 4*b = 5*x - 25. Let w = 84 - 33. Suppose a + 2*a - 3*c - w = b, -a = -2*c - 22. What are the prime factors of a?
2, 3
Let y(u) = 2*u**2 + 4*u - 1. What are the prime factors of y(-3)?
5
Suppose 0 = h - 5*h + 28. Let j be 2/2 - (0 - -5). Let v = j + h. What are the prime factors of v?
3
Let d = -14 - -48. What are the prime factors of d?
2, 17
Suppose 3 = -3*h, u - 2 = 2*u - 5*h. Let d = u + 10. Let t(w) = -w + 5. List the prime factors of t(d).
2
Let s(b) be the first derivative of -8*b**2 - 3*b - 11. What are the prime factors of s(-4)?
61
Suppose p - 3*p = -4, -p + 5 = i. Suppose -8*g + i*o + 125 = -3*g, 2*g = -3*o + 50. List the prime factors of g.
5
List the prime factors of (3 + 14*-1)/(5/(-50)).
2, 5, 11
Suppose 0 = 3*j + 6, 0*o - 2*j + 32 = 3*o. Suppose 3*s - o = -3. What are the prime factors of s?
3
What are the prime factors of 45 - -9 - 8/2?
2, 5
Let h(o) = o**3 - 7*o**2 + 5*o + 7. Let p be h(6). What are the prime factors of -3 - -11 - 3*p?
5
Suppose 3 = 3*z + 4*x - 4, 0 = 5*z + 2*x + 7. List the prime factors of (2*-2 + 3)*z.
3
Suppose -2*d = -d + 3, -5*d = -4*r - 17. Suppose -2*n = 2*t - 22, -n - n = -3*t + 53. Let i = r + t. List the prime factors of i.
7
Suppose s + 2*i = 3*i + 123, 0 = 4*s + 3*i - 527. Suppose 4*g + 0*g = s. List the prime factors of g.
2
Let x = 93 - 13. Let b be (1/2)/(10/x). What are the prime factors of -2*(3 + -4)*b?
2
Let a(c) = 1 + 5*c**3 + c - c**2 + 0 - 6*c**3. Let j be a(0). Suppose -2*u = l - 3, -5*u - 4*l + 2 = -j. What are the prime factors of u?
3
Suppose 6426 = 24*h - 3*h. What are the prime factors of h?
2, 3, 17
Let t = 0 - 4. Let o be (-4)/8 + (-10)/t. Suppose 0 = 3*w + w + 2*m - 58, 34 = o*w - 4*m. List the prime factors of w.
3, 5
What are the prime factors of -2*(-1 - 27/6)?
11
Suppose 10*j = 5*j. Suppose -54 = -j*h + 3*h. Let n = h - -31. List the prime factors of n.
13
Let o = 141 + 36. List the prime factors of o.
3, 59
Let w be (12/5)/((-6)/(-40)). Suppose -4*p = -0*p - w. Suppose -g - p*g + 55 = 0. List the prime factors of g.
11
List the prime factors of 1/(6/(-4)*(-42)/7875).
5
Let h = 2 + 6. Suppose -3*v = v - h. Suppose u + 4 = v*u. What are the prime factors of u?
2
Let m(q) = q**3 - 3*q**2 + 2*q + 1. Let g be m(3). Let p(l) be the second derivative of l**3/6 + 5*l**2 - l. List the prime factors of p(g).
17
Let d(c) = -c**2 - 19*c - 2. What are the prime factors of d(-15)?
2, 29
Suppose -b = 3*v + 47, -2*b - 11 - 8 = v. List the prime factors of -3 - 5/(v/18).
3
Let k = -79 - -116. What are the prime factors of k?
37
Let n be (-168)/(-14)*(-8)/6. Suppose -2*a + 4*a = -16. Let l = a - n. What are the prime factors of l?
2
Let v(k) = -k**2 - 6*k - 5. Let c be v(-4). Suppose 0 = -c*b + 7*b - 44. What are the prime factors of b?
11
Suppose -7*p + 459 = -4*p. Suppose 4*g = p + 23. What are the prime factors of g?
2, 11
Let c = -5 - -66. List the prime factors of c.
61
Suppose -5*y = y - 1386. List the prime factors of y.
3, 7, 11
Suppose -b - b + 2*q = -92, b + 3*q - 38 = 0. What are the prime factors of b?
2, 11
Let q = -23 + 42. Let w = 44 - q. What are the prime factors of w?
5
Let p be 30/8 + 5/20. Suppose -54 = p*b - 7*b. List the prime factors of b.
2, 3
Let v = 69 + -1. What are the prime factors of v?
2, 17
Let h = 0 + -1. Suppose 5*r + 5*m + 33 = -42, -5*r + 3*m = 43. Let b = h - r. List the prime factors of b.
2, 5
Let w(p) = -p**3 - 16*p**2 - 8*p + 4. What are the prime factors of w(-17)?
3, 11, 13
Let y(l) = 3*l**2 - 2*l. Let b be y(2). What are the prime factors of 0 + 3 + b + 1?
2, 3
Let a(z) = -z**3 - 9*z**2 - 2*z + 8. What are the prime factors of a(-9)?
2, 13
Suppose -5*p - 2*t = -11, 3*p - 14 = -2*p - 3*t. Let m be (-2 + p - -13)/1. Let s = m + -7. What are the prime factors of s?
5
Suppose -7*b + 143 = -3*b + h, -3*h = -b + 26. List the prime factors of b.
5, 7
Suppose 2*x + 5 = -3*x. List the prime factors of x + (-1 - -1) - -9.
2
Let l = 3 + 0. Suppose -7*g + 4 = -11*g. List the prime factors of (g/l)/((-1)/6).
2
Let v be 4 - 3 - 1/1. Suppose 2*y - 3*l - 3 = v, 5*y + l + 2*l = -24. List the prime factors of (-18)/(-2) - y*1.
2, 3
Suppose 0 = 5*b - 8*b + 78. What are the prime factors of b?
2, 13
Let s be (-258)/(-8) - 2/8. What are the prime factors of 16/(-2)*(-88)/s?
2, 11
Let y be ((-14)/5)/(5/3275). List the prime factors of y/(-77) - (-4)/22.
2, 3
Let v = -131 - -200. What are the prime factors of v?
3, 23
Let w(j) = 5 + 3 + 3*j - 2*j. What are the prime factors of w(-6)?
2
Suppose 2*d + 46 = 2*h - 2*d, -3*h = 4*d - 29. Suppose -2*b - h = -3*b. What are the prime factors of b?
3, 5
Suppose 0 = 2*p - 5*n + 12, -2*p + 12 = n - 0*n. Suppose -o = -p*o + 42. List the prime factors of o.
2, 7
Suppose -5*b = 3*y - 17 + 3, 0 = -2*y + 5*b + 1. Suppose 3*l - y*h + 14 = 4*l, 0 = -l + 5*h + 54. What are the prime factors of l?
29
Let p = -11 - -18. Suppose -18 - p = -5*u. List the prime factors of u.
5
Let t(l) = -4*l. Let u = -12 - -9. What are the prime factors of t(u)?
2, 3
Let z(s) = -4 - 8 + 7 - 7 + 4*s. What are the prime factors of z(11)?
2
What are the prime factors of (-1)/(-2) + (-66)/(-4)?
17
Let o be -16 - (-2 - 0) - -2. Let b be ((-4)/o)/((-2)/(-18)). Suppose 4*c + b*j - 86 = 0, c - 3*j = -3*c + 74. List the prime factors of c.
2, 5
Let i be -1 + 1 - (0 + -4). Let d(r) = -6*r + 83. Let o be d(13). Suppose -2*m = t - 18, -o*m + 0*m = -i*t + 72. What are the prime factors of t?
2, 3
Let x = 219 - 101. List the prime factors of x.
2, 59
Suppose 155 = -h - 4*h. Let a be -47*(-3)/(6/2). Let q = a + h. What are the prime factors of q?
2
Let w = 43 - -12. Let u(s) = s**3 - 2*s + 1. Let j be u(2). Suppose -j*h = -0*h - w. What are the prime factors of h?
11
Let w be ((-41)/2)/((-2)/4). Suppose 0 = -4*t + p + 57, -5*t = -2*t + p - w. What are the prime factors of t?
2, 7
Suppose w = 2*w - 4. Suppose 0*a - w = -a. What are the prime factors of a?
2
Let r(z) = -z**3 + 9*z**2 - 10*z + 4. Let v be r(7). Suppose 4*b - 5*b + v = 0. List the prime factors of b.
2
Let x = 8 + -5. Suppose 4*y = 3*i - i - 20, x*i + 2*y = 14. Let b(p) = p**2 - 4*p + 7. What are the prime factors of b(i)?
19
Let q(z) = 6*z + 23. What are the prime factors of q(7)?
5, 13
Suppose 0 = -3*r + r - 20. Let n = 5 + r. What are the prime factors of (n - 0)*(-12)/5?
2, 3
What are the prime factors of (-756)/(-16) - 4/16?
47
Let x(n) = -4*n**3 + 3*n**2 + 3*n + 2. Let y be x(-2). Let p = 96 - y. What are the prime factors of p?
2, 7
Suppose 0 = -5*o - 4*h + 2, -3*o = -3*h - 0*h - 12. Suppose o*a = -3*d + 75, 1 = 3*a + 10. What are the prime factors of d?
3
List the prime factors of ((-8)/(-16